 5*h - 62 = -2*a. Let i be 9/12 + h/4. Suppose -3*s + 0 = -3*v + 3, 2*s - 26 = -i*v. What is the units digit of s?
3
Let v = -171 + 109. Let r = 96 + v. What is the units digit of r?
4
Suppose 5*j = 99 + 606. What is the hundreds digit of j?
1
Suppose 3*o + 1 = -2*i - 8, -3*o - 6 = i. What is the units digit of 14*(i - 66/(-14))?
4
Let t(l) = -l**2 + 8*l - 1. Let p be -9*4/(-12) + 4. What is the units digit of t(p)?
6
Let m(z) = 2*z - 3*z + 5*z + 2. What is the units digit of m(4)?
8
What is the units digit of (-3 - -4 - -14) + 0?
5
Let d(c) be the third derivative of -c**4/12 - c**3/3 + 3*c**2. Let o be d(-2). What is the units digit of (o/2)/(1/3)?
3
Let u = 104 - -33. What is the hundreds digit of u?
1
Let o be (-46)/8 + (-3)/12. What is the units digit of 21/15 + o/15?
1
Let o(h) = -h**3 - 2*h**2 + 1. Let x be o(-1). Let u be (-5)/(x + -1) - 2. Suppose u*v + v = 4. What is the units digit of v?
1
Let c = 16 - -9. What is the tens digit of c?
2
Let p be 1210/15 + (-1)/(-3). Suppose 4*g = -25 + p. What is the units digit of g?
4
Let x(k) be the first derivative of 4*k - 1. Let u(b) = b - 7. Let a(v) = -3*u(v) - 7*x(v). What is the units digit of a(-5)?
8
Suppose -5*f + 40 = 5*s, -2*s - 3*f = -7*s + 72. What is the tens digit of 6/s + (-118)/(-4)?
3
Let w(p) = p + 14. Let m be w(-13). What is the tens digit of (-12)/((2/(-3))/m)?
1
Let p = -21 - -14. Let j = p + 1. Let c(n) = -n**2 - 7*n - 3. What is the units digit of c(j)?
3
Let g be (-10)/(-4)*64/40. Let u(f) = -f**2 + 3*f + 3. Let q be u(3). Suppose -4*a + q*v = -1, g*v = 6*v - 2. What is the units digit of a?
1
What is the units digit of (70/15 - 4)*84?
6
Suppose 0 = 5*r - 361 - 154. What is the tens digit of r?
0
Let v(q) = -4*q - 10. Let i be v(-7). Let w(d) = -d**3 + 5*d**2 - 2*d + 6. Let n be w(5). What is the units digit of n/i - 130/(-18)?
7
Let d(o) = o - 5. Let p be d(0). What is the units digit of (p - 0)*(-8)/10?
4
Let z(u) = u - 6. Let q(w) = -3*w + 13. Let l(i) = -6*q(i) - 13*z(i). What is the units digit of l(2)?
0
Let a be (-4)/(-22) - (-801)/11. Suppose 2*l - 42 = 4*t, 5*l - t - 59 = a. What is the units digit of l?
7
Suppose 5*z = -j - 13, 16 = 3*j - z + 5*z. What is the tens digit of j?
1
Let g(w) = w**2 + 10*w + 4. Let p be g(-11). Let k = p - 4. What is the tens digit of k?
1
Suppose 13*r - 9*r - 80 = 0. What is the tens digit of r?
2
Suppose 40 + 113 = 3*y. What is the tens digit of y?
5
Suppose -4*m - 80 = -4*j, -2*m - m = -4*j + 80. Let l be 5/j + 5/(-4). What is the units digit of l*9/(-3)*1?
3
Let c = 16 - -20. What is the units digit of c?
6
Suppose -f - 5 = -5*z, 2*f - 4*z = f - 4. Let c(u) = 16 + 13*u - 5 - 12*u. What is the units digit of c(f)?
1
Suppose -k + 5 = 12. Let w = -10 - -5. Let t = w - k. What is the units digit of t?
2
Let q(h) = h - 2. Let u be q(2). Suppose u = 2*n + 3*n. Suppose n = -4*m + 2*j + 26, -5*m - 2*j + 5*j = -33. What is the units digit of m?
6
What is the tens digit of (-2 + (-5 - -3))*-3?
1
Let l(d) = d**2 - 8*d + 7. Let j be l(5). Let y = 10 + j. What is the units digit of y?
2
Let v = -3 + 8. Suppose -2*b + 80 = 5*k - 31, 4*k - 82 = -v*b. What is the tens digit of k?
2
Suppose 0 = g + 3*g - 16, 18 = -2*v + 3*g. Let b(i) = -1 - 4 + i + 1 + i**2. What is the units digit of b(v)?
2
Suppose 6*m - m = 4*t - 44, t - 4*m = 22. What is the units digit of t?
6
Let o = -78 - -198. What is the tens digit of o?
2
Suppose 5*h = 3*c + 1656, -5*c - 1317 = -4*h - 0*h. What is the hundreds digit of h?
3
Suppose 3*b - 61 = 2*o, 0 = 5*b - b - o - 73. What is the tens digit of b?
1
Suppose 0*i + 3*i - 132 = 0. What is the tens digit of i?
4
Suppose -3*s + 16 = 5*l, -3*s + 20 = 2*s + 5*l. Suppose 5*f + s*x + x - 24 = 0, 12 = 4*x. Suppose 27 = -0*a + f*a. What is the units digit of a?
9
What is the tens digit of 4/6*(1 - -23)?
1
Let v = -31 + 16. Suppose 0 = -3*p + 9, 4*p = 2*d + 3*p - 1. Let u = d - v. What is the tens digit of u?
1
What is the units digit of (-30)/5*-1 - 3?
3
Let a(z) = 2*z**2 + 2*z - 26. What is the units digit of a(-8)?
6
Let c(i) = -4*i + 2. What is the units digit of c(-6)?
6
What is the units digit of (0 - (-174)/(-4))*540/(-81)?
0
Let t be (105/12)/((-1)/(-4)). Suppose 3*o - 55 = -n, 2*o = n - 2*n + t. Suppose 2*w = -0*w + o. What is the tens digit of w?
1
Suppose -5*x = -2*x - 12. Suppose x*p - 4 = -q, 2*p - 3*q - 18 = -2. What is the units digit of p?
2
Suppose 4*b = -5*q + 25, 0 = -b - q + 8 - 1. Suppose -4*j + 5*z = 2*z - 68, -z = j - b. What is the units digit of j?
4
Let j = 20 + -20. What is the tens digit of 2 - -6 - (-2 - j)?
1
Let v be 2/14 - 82/(-14). Suppose -64 - 20 = -v*o. What is the tens digit of o?
1
Suppose 2*c = -4*n - c + 153, 4*c + 24 = n. What is the tens digit of n?
3
Let z(h) = -h**3 + 2*h**2 + 4*h + 3. Let o be z(-2). Let k(i) = 3*i - 6. Let b be k(7). Let m = b - o. What is the units digit of m?
4
Let a(u) = 4*u - 8. What is the tens digit of a(6)?
1
Let n be (-18)/(-4) + 6/12. Suppose n*h = 3*j + 2*j - 5, -3*h + j + 1 = 0. What is the units digit of h?
1
Let k(p) = -p**2 - p + 2. Let f be k(0). Let a(j) = j - 3. Let b be a(7). What is the units digit of 0 - f*(-22)/b?
1
Suppose -5 = -5*n + 5. Suppose -5*h - y + 2*y + 26 = 0, n*h + 8 = 5*y. What is the units digit of h?
6
Suppose 0*u + 2*u - 140 = 0. What is the units digit of u?
0
Suppose -y + 45 = -5. What is the units digit of y?
0
Let v = 17 + -25. Let i(f) = -5*f**2 + 15*f + 12. Let d(a) = 6*a**2 - 16*a - 13. Let z(n) = -6*d(n) - 7*i(n). What is the units digit of z(v)?
2
Let s = -2 - -1. Let b be s/5 + (-2)/(-10). Suppose -8 = 2*z + 2*f, b - 5 = f. What is the units digit of z?
1
Let o(u) = 4*u - 7. Let y be o(3). Suppose 0 = d + 3 - y. What is the units digit of d?
2
Let k(c) = c**3 - 9*c**2 - 11*c + 13. Let s be k(10). Suppose 3*q - 2*n = -7*n + 31, -s*n = 5*q - 57. What is the units digit of q?
2
Let i(h) = 3*h**3 - 3*h**2 - 13*h - 13. Let y(d) = d**3 - 2*d**2 - 6*d - 6. Let k(p) = -2*i(p) + 5*y(p). What is the units digit of k(-4)?
2
Let l be 2/(-3 - (-1 - 1)). Let s = 1 - l. Let y = s - -4. What is the units digit of y?
7
Let c(t) = 5*t - 14. What is the units digit of c(4)?
6
What is the units digit of (-2)/3 + (-74)/(-3)?
4
Let z = -53 - -76. Let b = z + 1. What is the tens digit of b?
2
Let g = 56 + -27. What is the tens digit of g?
2
Let r = -6 - -13. What is the units digit of r?
7
Suppose 3*q - 6 = -2*w + 9, -3*w + 18 = 3*q. Suppose 21 = 2*h + q. What is the units digit of h?
9
Let n = -2 + 3. Let h be 3/(-4)*1*-4. Suppose -g + n = -h. What is the units digit of g?
4
Suppose -160 = -5*i + i. What is the tens digit of i?
4
Suppose 3*t + t - 12 = -f, 2*f = 5*t - 15. Let q(g) = t - 4*g - 13 + 2*g. What is the units digit of q(-8)?
6
Let r(w) = -7*w**3 - 1. Let u(d) = -d - 5. Let h be u(-4). What is the units digit of r(h)?
6
Suppose d + 18 - 76 = -w, 0 = -3*w + d + 186. What is the tens digit of w?
6
Suppose 5*l + 6*o = 3*o + 242, o = 3*l - 148. What is the units digit of l?
9
What is the hundreds digit of ((-9)/(-2))/((-24)/(-896))?
1
Suppose 2*r - 88 = -2*r. What is the units digit of 2/11 + 194/r?
9
Let w = 8 - -13. Let p = w + -75. What is the units digit of (-4)/(-10) - p/15?
4
Let i(f) = -f**3 - 9*f**2 + 6*f - 16. What is the units digit of i(-10)?
4
Let u be 2 + 1*9/3. Suppose -2*o - 30 = -u*o. Suppose 1 = -t + o. What is the units digit of t?
9
Let n be (30/25)/((-9)/30). Let p be (36 + (-2)/2)*-1. What is the units digit of p/n + (-6)/(-24)?
9
What is the tens digit of (-1)/(10/25)*(-34 + 0)?
8
Suppose r + 2*r + b = 16, -27 = -5*r - 2*b. Suppose -4 = r*l - 54. What is the tens digit of l?
1
Suppose -5*p + 5*x - 5 = 0, p - 8 = -2*x + 6. Let s(a) = a**2 - 3*a + 1. Let r be s(p). Suppose 0 = r*l - 4*k - 20, -k - 2 = -7. What is the units digit of l?
8
Let p = -5 + -28. Let u = -19 - p. What is the tens digit of u?
1
Let a(b) = -b**3 + 5*b**2 - 4*b + 5. Let m be a(4). Suppose 2*q - 77 = -3*j + 3*q, -m*j - 4*q + 134 = 0. What is the tens digit of j?
2
Let p(s) = -3*s**3 - s**2 + s + 4. Let v be p(-4). Let r = 34 + -16. What is the units digit of v/r - 2/(-9)?
0
What is the tens digit of ((-42)/3)/(6/(-15))?
3
Let n be 3 + (-2 - 0)*1. Let c(k) be the third derivative of k**4/12 + k**3/6 + k**2. What is the units digit of c(n)?
3
Le